75200 a multiple of 104?
True
Is 89290175 a multiple of 16?
False
Does 121 divide 1535095117?
False
Is 14080970 even?
True
Is 110293380 a multiple of 58?
True
Is 3486 a factor of 130151556?
False
Is 503 a factor of 4447023?
True
Does 35 divide 137585953?
False
Does 19 divide 7702714?
True
Is 1706889968 a multiple of 2768?
True
Is 6 a factor of 19804835?
False
Is 156 a factor of 60478080?
True
Is 17 a factor of 911834864?
False
Does 541 divide 25180304?
True
Is 46183892 a multiple of 409?
False
Is 387 a factor of 14659173?
True
Does 894 divide 124778262?
True
Does 95 divide 183595498?
False
Is 13 a factor of 916448?
True
Is 296648366 a multiple of 14?
True
Does 1074 divide 557811348?
False
Is 1275590945 a multiple of 155?
True
Does 18 divide 1038765367?
False
Is 57446965 a multiple of 74?
False
Is 205 a factor of 120117343?
False
Is 1073 a factor of 34773518?
False
Is 46356110 a multiple of 17?
True
Is 18 a factor of 167015718?
True
Is 1023 a factor of 15071023?
False
Is 2881418371 a multiple of 53?
False
Does 3657 divide 982471335?
True
Is 246 a factor of 14081040?
True
Does 5696 divide 1188788540?
False
Is 546 a factor of 1019725434?
True
Does 2163 divide 126833994?
True
Is 863776980 a multiple of 660?
True
Is 55516157 a multiple of 262?
False
Is 918111430 a multiple of 33?
False
Is 304137737 a multiple of 175?
False
Is 260 a factor of 732308198?
False
Is 7428675 a multiple of 374?
False
Is 14 a factor of 3755217760?
True
Is 66422482 a multiple of 371?
False
Does 1274 divide 295434426?
False
Is 254 a factor of 21441918?
True
Does 22 divide 28497590?
True
Does 14 divide 5304873366?
False
Is 100742525 a multiple of 1841?
False
Does 2145 divide 19731855?
True
Does 15 divide 4947888?
False
Is 425961807 a multiple of 641?
True
Is 24816925 a multiple of 18?
False
Is 2456783383 a multiple of 195?
False
Is 51549108 a multiple of 673?
True
Is 12 a factor of 323226828?
True
Is 202 a factor of 1282416676?
False
Is 744511522 a multiple of 139?
True
Is 1585 a factor of 79433877?
False
Is 108102522 a multiple of 3365?
False
Does 144 divide 471240288?
True
Is 13980583 a multiple of 25?
False
Is 1170 a factor of 3182400?
True
Is 1064 a factor of 740231?
False
Does 655 divide 10842453?
False
Does 26 divide 17205676?
False
Is 23728195 a multiple of 157?
True
Does 193 divide 819203747?
True
Does 37 divide 286759436?
False
Is 131627366 a multiple of 26?
True
Does 7 divide 1067391255?
True
Is 61 a factor of 3508842?
True
Is 36 a factor of 6731964?
True
Is 344721204 a multiple of 5286?
True
Is 779028976 a multiple of 1864?
True
Does 295 divide 39853397?
False
Is 873 a factor of 960310640?
False
Is 1562 a factor of 1881208758?
True
Is 48 a factor of 84318768?
True
Is 42 a factor of 1127333760?
True
Is 781 a factor of 104032324?
True
Is 76968088 a multiple of 246?
False
Is 777484609 a multiple of 5666?
False
Does 39 divide 490351290?
True
Does 223 divide 2586092198?
True
Does 178 divide 2065575012?
True
Is 19 a factor of 558140428?
True
Does 2549 divide 125456682?
True
Is 793610796 a multiple of 68?
True
Is 85 a factor of 408157057?
False
Is 268 a factor of 106338916?
True
Does 4179 divide 201213620?
False
Does 4 divide 51817598?
False
Does 21 divide 252633465?
True
Is 23 a factor of 33026896?
True
Is 143 a factor of 144703668?
False
Is 449444614 a multiple of 1622?
False
Is 712 a factor of 13176215?
False
Is 15397760 a multiple of 3136?
True
Is 49 a factor of 6623575?
True
Is 242 a factor of 133062732?
True
Is 7824874 a multiple of 449?
False
Is 149740020 a multiple of 20?
True
Is 184 a factor of 56490208?
True
Is 58 a factor of 1037794?
True
Is 220 a factor of 14128274?
False
Is 1591 a factor of 28617317?
True
Does 73 divide 12311596?
True
Is 3229320210 a multiple of 4558?
True
Is 11133 a factor of 1484184762?
True
Is 9797495 a multiple of 535?
False
Is 23 a factor of 27790509?
True
Is 111789929 a multiple of 11?
False
Does 42 divide 7896798?
True
Does 6 divide 3439410?
True
Is 39441650 a multiple of 1090?
True
Is 158499029 a multiple of 139?
False
Does 15 divide 53844483?
False
Does 46 divide 146744232?
True
Is 35193545 a multiple of 182?
False
Is 69 a factor of 41759027?
False
Does 2456 divide 149408304?
True
Is 14 a factor of 21730598?
False
Is 6514185 a multiple of 31?
True
Does 48 divide 4234992?
True
Does 22 divide 593652536?
False
Is 222 a factor of 54225897?
False
Is 8954107 a multiple of 1208?
False
Does 586 divide 531240058?
True
Is 89 a factor of 88292827?
False
Is 127994460 a multiple of 66?
True
Is 642 a factor of 79999553?
False
Is 76 a factor of 694728094?
False
Does 27 divide 8530013?
False
Is 96091146 a multiple of 109?
False
Is 1293 a factor of 299236534?
False
Is 11 a factor of 19807259?
False
Is 2123122023 a multiple of 4609?
True
Is 99288237 a multiple of 1244?
False
Is 11606344 a multiple of 949?
False
Is 732 a factor of 11127864?
True
Does 644 divide 42865284?
True
Is 9024740 a multiple of 117?
False
Is 121 a factor of 11292688?
True
Is 8 a factor of 267535912?
True
Is 810 a factor of 1252017276?
False
Is 101044716 a multiple of 322?
False
Is 360 a factor of 895563567?
False
Is 29353050 a multiple of 16?
False
Is 36762776 a multiple of 1084?
True
Is 893 a factor of 118548919?
False
Is 4461732 a multiple of 342?
True
Is 21729195 a multiple of 355?
True
Does 425 divide 56180240?
False
Does 1224 divide 3521925?
False
Is 1080 a factor of 96226225?
False
Is 5 a factor of 5849667?
False
Does 335 divide 93189158?
False
Does 130 divide 27659450?
True
Is 155 a factor of 891761637?
False
Is 35041225 a multiple of 189?
False
Is 33 a factor of 158581269?
True
Does 77 divide 44135214?
False
Does 855 divide 3408540?
False
Is 1567 a factor of 432937028?
True
Does 3017 divide 172389326?
False
Is 1177 a factor of 34449613?
True
Is 155196847 a multiple of 165?
False
Is 394929416 a multiple of 12?
False
Does 378 divide 42926674?
False
Is 7429480753 a multiple of 18312?
False
Does 16 divide 13386878?
False
Does 2958 divide 53187798?
True
Is 25989517 a multiple of 90?
False
Is 12 a factor of 13000152?
True
Is 12223081 a multiple of 86?
False
Does 159 divide 22907886?
False
Is 21973419 a multiple of 71?
False
Is 86800365 a multiple of 9?
True
Is 546 a factor of 14275966?
False
Does 34 divide 4404724786?
True
Does 10 divide 1401501232?
False
Is 34689 a multiple of 12?
False
Is 379 a factor of 263963646?
True
Is 753530154 a multiple of 321?
False
Does 5717 divide 3015853888?
False
Is 337927500 a multiple of 1306?
True
Is 11538835 a multiple of 935?
True
Is 1331 a factor of 2003280114?
True
Is 1024062862 a multiple of 15?
False
Does 22 divide 38775714?
False
Is 1109072186 a multiple of 411?
False
Does 48 divide 7341881?
False
Is 33 a factor of 6995802?
True
Does 15 divide 33180515?
False
Is 40108680 a multiple of 215?
True
Is 341858270 a multiple of 10?
True
Is 4849531 a multiple of 5?
False
Is 20 a factor of 3791030?
False
Is 100 a factor of 25615800?
True
Is 11 a factor of 1887642?
False
Is 118 a factor of 16783916?
False
Is 807195433 a multiple of 3979?
False
Does 33 divide 22786098?
False
Does 5 divide 28910000?
True
Is 2275649745 a multiple of 4385?
False
Is 50 a factor of 4632650?
True
Is 99432625 a multiple of 1275?
False
Is 208562949 a multiple of 309?
True
Does 6 divide 48443088?
True
Is 31692492 a multiple of 39?
True
Does 1022 divide 70744884?
True
Is 18 a factor of 27612295?
False
Does 20 divide 18704660?
True
Does 7 divide 171004689?
False
Does 61 divide 953885190?
False
Does 9 divide 383020533?
True
Is 176 a factor of 172507216?
False
Is 582 a factor of 26473388?
False
Is 9 a factor of 5655858?
False
Is 33 a factor of 214603675?
False
Does 158 divide 37681736?
True
Is 10 a factor of 2892230?
True
Is 40364389 a multiple of 5?
False
Is 68 a factor of 76804776?
True
Is 147101010 a multiple of 7?
True
Is 576971033 a multiple of 43?
True
Is 116 a factor of 707709272?
True
Is 18 a factor of 1009530738?
True
Is 1225 a factor of 1332201922?
False
Is 593 a factor of 194964761?
True
Is 1156 a factor of 76863596?
True
Is 1122 a factor of 1876674030?
True
Is 330 a factor of 274671867?
False
Is 2091338316 a multiple of 238?
False
Is 929 a factor of 686823635?
True
Is 13 a factor of 86238451?
True
Does 26 divide 615240184?
True
Does 83 divide 201330195?
True
Is